t d(s) = -4*s**2 + 8 + 3*s**2 - s + s**3 + 76. Let i be d(0). Suppose 26*f + 22 = 334. Calculate the highest common divisor of i and f.
12
Let h be (-76)/6*(1035/(-6))/23. Calculate the highest common factor of 57 and h.
19
Suppose 13*i - 11171 + 1083 = 0. What is the highest common factor of i and 8?
8
Let j be (-99)/11 + -1 + -1. Let p(t) = -t**3 - 11*t**2 - t - 9. Let f be p(j). Let x = -1 + 3. Calculate the greatest common factor of x and f.
2
Suppose -19*x - 7*x = -806. Calculate the highest common factor of 496 and x.
31
Let n = -3002 - -3054. What is the greatest common factor of n and 78?
26
Suppose 2*l - 3 - 1 = 4*h, h = -5*l + 21. Let g be -1*(h + -3 + -26). Calculate the highest common factor of g and 4.
4
Suppose 3*a + 169 = 694. Suppose -2*f = -2*b - 56, 2*f - 4*b = -3*b + 53. What is the greatest common factor of a and f?
25
Let d = 351 - 345. Calculate the greatest common divisor of d and 66.
6
Suppose 63 + 47 = -5*l. Let j be 8/((-8)/(-2) - (-86)/l). Let f(x) = 2*x + 1. Let t be f(5). Calculate the highest common divisor of t and j.
11
Let j(x) = -15*x + 4. Let k be j(-1). Suppose 0 = 2*p - k - 13. What is the greatest common divisor of 144 and p?
16
Suppose -n - 5 = -2. Let k be -2*n/((-6)/(-28)). Suppose -33 = -5*y + 2*a - 4*a, -4*y - 2*a + k = 0. Calculate the highest common divisor of y and 25.
5
Let h(t) = t**3 - 10*t**2 + 15*t + 18. Let g be h(8). Calculate the greatest common factor of g and 265.
5
Let s be 36 + (0 - (3 - 5)). Calculate the greatest common factor of 2 and s.
2
Let b(i) = 3*i + 306. Let f be b(-35). What is the greatest common divisor of f and 335?
67
Let h be 12*21/9*(-6)/(-4). What is the highest common factor of h and 6?
6
Suppose 4 = 4*f, -i - 2*i + 16 = -2*f. What is the greatest common divisor of 402 and i?
6
Let x be -15 - -778 - (-1 + -1). What is the highest common factor of x and 85?
85
Suppose -4*z = -4*d - 16, -16*d = -z - 12*d - 8. What is the greatest common divisor of z and 8?
8
Suppose -3*b + 116 = -b. Let z = 90 + -80. Suppose z*i - 261 = i. Calculate the highest common factor of b and i.
29
Let u = -102 - -180. Calculate the greatest common divisor of u and 6.
6
Let i = -179 - -331. Let c = 27 - 8. Calculate the highest common factor of i and c.
19
Let g be 2*(-50)/(-4) - 0. Suppose 0 = o - 0*o - 4*k - g, -3*o - k + 62 = 0. Let f be 3/(-2)*(-84)/18. What is the greatest common factor of o and f?
7
Let b be 2 + -4 - (1 + -18). Suppose -18 = c - 4*c. What is the greatest common factor of c and b?
3
Suppose -4*w - o + 367 = 0, -4*w = -3*w - 3*o - 95. Let t = -44 + w. What is the greatest common factor of t and 24?
24
Let d(l) = -14*l**3 - 7*l**2 + 4. Let h be d(-3). What is the greatest common factor of h and 145?
29
Let g be (-22)/(-3)*9/6. Let y be g + (2 - (-9)/(-3)). Calculate the highest common divisor of y and 5.
5
Suppose -2*i - 10 = -0*i, -5*k + 2*i + 1385 = 0. Let p = k + -165. What is the greatest common factor of p and 10?
10
Suppose -5*a = -4*c + 3*c + 33, -132 = -4*c + a. Calculate the highest common divisor of 187 and c.
11
Let f = -24 - -29. Suppose f*b - 127 = -3*m - 27, 4*b - 8 = 0. Calculate the highest common divisor of m and 210.
30
Let t(s) = s**2 + 8*s - 18. Let o be t(-11). Let b(p) = 6*p + 3. Let i be b(17). What is the highest common factor of i and o?
15
Suppose 2*o + 721 = 2*l + 759, o = -l + 23. Let j be 1/((-2)/6)*-1. Calculate the greatest common factor of o and j.
3
Suppose -3*b + 0*b = 3*d - 33, 5*b + 41 = d. What is the highest common divisor of d and 80?
16
Let g = 292 - 253. What is the greatest common factor of 39 and g?
39
Suppose 0*y - 34 = -2*y. Suppose -2*i - 12 = -18. Suppose -y + i = -u. What is the greatest common divisor of 7 and u?
7
Let w be (4/(-5))/(1/(-100)). Let m(r) = -r**2 - 26*r - 128. Let a be m(-10). What is the greatest common divisor of w and a?
16
Let x(y) = y**2 + 4*y - 1. Let m be x(-5). Let u be (-19)/m*32/(-8). Calculate the highest common factor of 171 and u.
19
Suppose 5*o - 4*o = 0. Let v = 0 + o. Suppose h + 4*h - 15 = v. What is the greatest common divisor of h and 9?
3
Suppose -37*i = -32*i - 1815. What is the greatest common factor of i and 99?
33
Suppose -253 + 793 = 9*j. What is the highest common factor of j and 36?
12
Let p be ((-10)/(-3))/(4 + (-245)/60). Let f be ((-23)/4)/(10/p). Calculate the highest common factor of f and 69.
23
Let j be 22 + 6 + (8 - 26). What is the greatest common factor of j and 136?
2
Suppose -35 - 26 = 5*n - d, 0 = 5*n + 3*d + 77. Let f = -11 - n. What is the greatest common divisor of 2 and f?
2
Suppose -2*p - 2*p = 16, h - 772 = 5*p. Let a = h - 411. What is the highest common divisor of 31 and a?
31
Let o be 10*(6/(-20))/((-3)/15). Calculate the greatest common factor of o and 435.
15
Let u(r) = -46*r - 46. Let v be u(-2). What is the greatest common divisor of v and 828?
46
Let w be 6*5/(3 + 2). Suppose 10*u = -4*u + 126. Calculate the greatest common factor of w and u.
3
Let q be 2/4 - 195/10. Let p(r) = r**3 + 20*r**2 + 19*r + 5. Let h be p(q). Let b be 2/((h/20)/1). Calculate the greatest common factor of b and 20.
4
Let r be ((-2)/4)/(3/(-402)). Let p = -22 + r. What is the highest common factor of p and 30?
15
Suppose -5*r + 1605 = 5*f, 4*f - 368 = r + 911. Calculate the highest common factor of 200 and f.
40
Let m(a) = 2*a**3 - 3*a**2 + 5*a. Let x be m(5). Let o = 147 - 70. Suppose -4*d - v = -o, 31 = -0*d + 2*d + 3*v. Calculate the highest common factor of x and d.
20
Let m = 68 + -38. Suppose 5*k + 0*k = 5*q - m, -4*k = -2*q + 14. Suppose 91 = q*v + 2*w, -3*v + 0*w = w - 54. What is the highest common divisor of 136 and v?
17
Suppose s = 2*k + 13, 0 = 4*s - 6*s + 3*k + 21. Calculate the greatest common divisor of 74 and s.
1
Suppose -7*x = -10*x + 513. Calculate the greatest common factor of 19 and x.
19
Let o = -32 + 53. Suppose 0 = 3*l + p - o, 3*l - 2*p - 22 = -1. What is the highest common factor of l and 63?
7
Suppose -4*u + 5 + 11 = 0. Let x = -78 - -81. Suppose -u*f + 32 = -t, -x*t = t. What is the greatest common divisor of 16 and f?
8
Let j = 27 + -19. Suppose j = 3*f - 4. Suppose -f*w + 5*w = 12. What is the highest common divisor of 3 and w?
3
Let m = 33 - 32. Let t(z) = 3*z**3 + z**2 - 3*z + 2. Let c be t(m). Suppose c*q - 49 = 263. Calculate the highest common divisor of q and 13.
13
Suppose -3*g + 35 = 4*a, 50 = 5*a - 0*a + 5*g. Let o = -8 + 11. Suppose 2*n = a*d + 55, 4*d = -o*n + 108 + 32. What is the greatest common divisor of 10 and n?
10
Suppose -4*l = -7*l + 1044. Calculate the greatest common divisor of l and 12.
12
Suppose 87 = -3*p + 4*u, 4*p + 0*p + 2*u = -116. Let z be (p*4)/(5/(-10)). Let c = z + -15. What is the greatest common factor of c and 31?
31
Let l be (-828)/(-16) + (-2)/(-8). Let v(k) = -k**3 + 39*k**2 + 43*k - 116. Let f be v(40). What is the highest common divisor of l and f?
4
Suppose -9*i + 191 = 83. Calculate the greatest common factor of 372 and i.
12
Let o = -343 + 448. What is the greatest common factor of 84 and o?
21
Let g(l) = -111*l - 6. Let k be g(-1). What is the greatest common factor of 357 and k?
21
Let v = -388 - -906. Calculate the highest common divisor of v and 14.
14
Suppose 25*c + 14 = 364. Suppose -194 + 530 = 4*y. Suppose 0*r - y = -4*r. What is the highest common factor of c and r?
7
Let c = 142 + 11. Calculate the greatest common factor of 27 and c.
9
Let u(b) = 3*b**2 - 17*b + 52. Let r be u(6). Calculate the highest common divisor of 232 and r.
58
Suppose -f - 4*f - l - 32 = 0, 16 = -f - 5*l. Let i = 12 - f. What is the greatest common factor of 2 and i?
2
Suppose 3*w + 2*v + 2*v = 388, 5*v = 4*w - 538. What is the highest common factor of 363 and w?
33
Let h(r) = 7*r + 274. Let i be h(-30). What is the highest common factor of i and 24?
8
Let l = -22 + 37. Let v be 4*(l/(-6) + 3). Suppose -21 = -v*w - 3*r + 4*r, 0 = -2*w + 3*r + 19. What is the highest common divisor of w and 33?
11
Let t = 7 + 9. Suppose 4*m = 16, 4*m = 39*w - 36*w - 32. What is the highest common divisor of w and t?
16
Suppose 0 = -4*z + 1463 - 111. What is the highest common factor of 78 and z?
26
Suppose -2*p = -6*q + 4*q + 60, 0 = 3*q + 3*p - 108. What is the highest common factor of 253 and q?
11
Let z = -946 - -1015. What is the highest